v(h) = -59171*h + 14201055. Calculate v(240).
15
Let c(b) = 5*b**2 - 3637*b - 57946. What is c(743)?
8
Let z(m) = 20*m - 224. Determine z(7).
-84
Let p(w) = -28174*w - 56257. Give p(-2).
91
Let b(h) = -18718*h - 18789. Calculate b(-1).
-71
Let i(u) = 48*u**2 - 20*u - 202. What is i(-7)?
2290
Let j(a) = 1686*a + 32078. Calculate j(-19).
44
Let r(u) = u**3 + 71*u**2 + 149*u - 480. Give r(-69).
-1239
Let t(b) = b**3 - 44*b**2 - 1425*b + 63342. Determine t(43).
218
Let g(l) = 2*l**3 + 11*l**2 - 15592*l - 124423. Determine g(-8).
-7
Let s(j) = 343*j**3 - 59678*j**2 - 697*j + 53. Give s(174).
-121
Let w(s) = -s**3 - 203*s**2 + 1906*s - 414. What is w(-212)?
10
Let v(b) = -b**2 + 195*b - 7846. Calculate v(136).
178
Let w(b) = b**3 - 80*b**2 + 290*b + 789. Determine w(76).
-275
Let w(k) = -k**2 + 180375*k + 5592583. What is w(-31)?
-3
Let r(t) = 816*t**2 + 61198*t - 106. Determine r(-75).
44
Let w(g) = 23*g**3 + 598*g**2 + 22*g + 558. Give w(-26).
-14
Let m(u) = 2*u**3 + 440*u**2 - 408*u + 7588. What is m(-221)?
74
Let s(t) = 2*t**3 + 744*t**2 - 24986*t - 2. What is s(-403)?
-2
Let g(y) = -308*y - 3815. Determine g(-11).
-427
Let f(h) = h**3 - 7*h**2 - 655*h + 4594. Calculate f(7).
9
Let z(y) = y**3 + 39*y**2 + 287*y + 108. Determine z(-30).
-402
Let v(x) = 7728*x - 432778. What is v(56)?
-10
Let k(i) = -14*i**3 + 987*i**2 + 365*i + 9370. Determine k(71).
-2
Let i(z) = 35*z**3 + 2*z**2 - 2*z - 5. Determine i(2).
279
Let r(v) = -3352*v - 2632. Calculate r(-1).
720
Let f(h) = 9*h**3 + 12*h**2 - 2*h - 1. What is f(-6)?
-1501
Let y(f) = f**3 - 13*f**2 - 3052*f + 33813. What is y(11)?
-1
Let p(a) = -138*a**2 - 10487*a + 97. What is p(-76)?
21
Let w(o) = -3744*o + 722793. Give w(193).
201
Let q(v) = -v**3 - 15*v**2 + 11750*v + 35356. What is q(-3)?
-2
Let w(t) = 1794*t + 85444. Calculate w(-45).
4714
Let n(d) = 4843*d - 15246. What is n(3)?
-717
Let p(i) = 17*i**2 - 437*i + 2793. Give p(12).
-3
Let l(p) = 2824*p + 24101. Give l(-8).
1509
Let s(h) = h**2 + 12*h - 43. Give s(3).
2
Let o(u) = -4225*u**2 - 4242*u + 3. Determine o(-1).
20
Let q(t) = 1860*t - 497. Calculate q(0).
-497
Let w(c) = -1818*c - 29805. Calculate w(-16).
-717
Let o(t) = t**3 - 17*t**2 - 213*t + 3444. Give o(19).
119
Let i(d) = -d**3 - 2813*d**2 - 522601*d - 202. What is i(-200)?
-2
Let w(t) = 3445*t - 157. Determine w(0).
-157
Let c(b) = -1804*b + 5078. What is c(3)?
-334
Let j(d) = -d**3 + 63*d**2 + 5448*d - 1953. What is j(-49)?
7
Let g(f) = f**3 - 5*f**2 - 2281*f - 13287. Determine g(-6).
3
Let l(n) = -5*n**2 - 825*n - 5906. Determine l(-7).
-376
Let f(i) = -2*i**3 - 35*i**2 + 12*i + 195. Calculate f(-17).
-298
Let m(u) = 51561*u - 14. What is m(0)?
-14
Let x(t) = -1018*t + 13381. Give x(14).
-871
Let x(n) = 3*n**2 - 227*n + 449. Give x(73).
-135
Let z(r) = 2*r**3 + 152*r**2 + 808*r - 121. What is z(-6)?
71
Let b(p) = 2*p**2 + 322*p + 6903. Calculate b(-137).
327
Let u(f) = f**3 + 17*f**2 + 245*f + 880. Calculate u(-5).
-45
Let c(i) = i**2 - 1231*i + 122288. Give c(109).
-10
Let w(h) = 98*h**2 + 16104*h + 16104. Determine w(-1).
98
Let r(j) = j**2 + 1984*j - 11926. Calculate r(6).
14
Let q(r) = 662*r - 7089. Determine q(10).
-469
Let n(s) = -13252*s + 238508. What is n(18)?
-28
Let w(g) = -10692*g**2 + 74836*g - 12. Calculate w(7).
-68
Let u(l) = -l**3 + 17*l**2 - 11*l - 207. What is u(12)?
381
Let f(j) = 92*j - 5154. Determine f(68).
1102
Let o(r) = 3032*r - 24240. Give o(8).
16
Let o(l) = 53*l**2 + 52*l - 356. Determine o(7).
2605
Let o(n) = -8*n**3 - 13*n**2 + 100. What is o(0)?
100
Let r(j) = -1172*j - 11752. Give r(-10).
-32
Let m(v) = 47*v**3 + 567*v**2 + 23*v - 75. What is m(-12)?
81
Let n(y) = 1298*y - 51918. Calculate n(40).
2
Let s(g) = g**3 - 5289*g**2 - 21166*g + 36. Determine s(-4).
12
Let x(z) = -z**2 + 938*z - 17464. What is x(19)?
-3
Let v(x) = -3165*x - 613985. Give v(-194).
25
Let w(m) = 5*m**2 - 364*m - 63730. What is w(155)?
-25
Let c(v) = 79142*v + 949698. Determine c(-12).
-6
Let s(p) = p**3 + 45*p**2 - 40*p - 21. Determine s(-46).
-297
Let c(d) = 13*d**3 + 197*d**2 + 471*d - 445. Give c(-4).
-9
Let s(c) = -24*c**3 + 13*c**2 - 1404*c + 1404. Determine s(1).
-11
Let g(z) = z**2 - 81*z - 7906. What is g(-47)?
-1890
Let r(i) = 23878*i + 24051. Calculate r(-1).
173
Let j(g) = g**3 - 152*g**2 + 2070*g - 2038. Determine j(137).
17
Let c(p) = -p**2 - 217*p - 4946. Determine c(-57).
4174
Let f(l) = 762*l + 17187. Give f(-23).
-339
Let q(v) = -132*v**2 + 26*v - 78. What is q(3)?
-1188
Let m(x) = -6*x**2 + 36*x - 196. Give m(8).
-292
Let m(q) = -4282*q - 338250. Calculate m(-79).
28
Let w(x) = -33*x**2 + 459*x + 44. What is w(14)?
2
Let z(d) = -d**2 + 50*d + 1328. What is z(-19)?
17
Let x(u) = -2*u**3 + 5*u**2 - 7*u - 98. Calculate x(0).
-98
Let p(f) = -2*f**3 - 11*f**2 + 92*f + 26. Calculate p(-10).
6
Let k(w) = -w**3 - 15*w**2 - 337*w - 2483. What is k(-9)?
64
Let a(w) = 34329*w + 514936. Calculate a(-15).
1
Let p(o) = -4205*o + 21294. Calculate p(5).
269
Let x(r) = -r**3 - 7*r**2 + 1008*r + 3066. Give x(30).
6
Let b(c) = c**3 + 86*c**2 - 956*c - 16. Calculate b(10).
24
Let o(u) = 525*u + 19965. Give o(-38).
15
Let z(r) = 109*r**2 + 643*r + 5. What is z(-5)?
-485
Let o(h) = -678*h - 1351. Calculate o(-1).
-673
Let i(m) = m**2 + 1312858*m - 7877185. Calculate i(6).
-1
Let d(z) = 7*z**2 - 54*z - 493. Calculate d(-9).
560
Let t(k) = 5*k**2 - 241*k - 85696. Determine t(-109).
-22
Let g(j) = -3*j**3 - 69*j**2 + 143*j - 18. Calculate g(-25).
157
Let d(j) = -2*j**2 - 41*j + 26. Determine d(13).
-845
Let r(k) = 4166*k + 487428. What is r(-117)?
6
Let h(m) = m**3 - 95*m**2 + 335*m - 22584. Give h(94).
70
Let p(m) = -195*m + 4665. Determine p(24).
-15
Let l(v) = -278955*v - 1115743. What is l(-4)?
77
Let r(x) = x**3 - 418*x**2 + 16455*x + 63. Give r(44).
19
Let a(g) = 3*g**2 + 152*g + 1572. Calculate a(-14).
32
Let h(v) = v**2 - 878*v + 191499. Calculate h(474).
3
Let s(m) = -m**3 - 2*m**2 + 121*m + 60. Determine s(0).
60
Let f(k) = 2*k**3 - 31*k**2 - 24*k + 283. Give f(15).
-302
Let u(h) = -6*h**2 + 9815*h - 2550208. What is u(324)?
-4
Let r(v) = -31*v**3 + 962*v**2 - 26*v - 168. Give r(31).
-13
Let c(n) = 2*n**3 + 14*n**2 - 110*n + 276. What is c(4)?
188
Let h(a) = a**3 - 23*a**2 - 585*a - 183. Give h(-15).
42
Let v(o) = -3*o**2 + 89005*o - 267014. Calculate v(3).
-26
Let z(o) = 392*o + 12068. Calculate z(-31).
-84
Let k(u) = -u**3 - 2*u**2 + 422*u - 53. Calculate k(16).
2091
Let g(r) = 11*r**3 + r**2 - 221*r + 637. Calculate g(3).
280
Let q(w) = -26*w**2 - 8480*w - 1350. What is q(-326)?
-46
Let h(c) = -c**3 - 30*c**2 + 259*c + 1459. Calculate h(-36).
-89
Let m(z) = -92*z**2 - 633*z + 3083. Calculate m(5).
-2382
Let y(j) = 72*j**2 - 258*j - 1032. Determine y(6).
12
Let d(y) = 14*y**2 - 1091*y - 1186. What is d(79)?
-1
Let m(n) = -3*n**2 + 3752*n - 18682. Determine m(5).
3
Let v(r) = 446753*r - 1340258. What is v(3)?
1
Let i(q) = -9*q**3 + 8*q**2 - 46*q + 124. Calculate i(3).
-185
Let l(r) = -1079*r - 25884. Calculate l(-24).
12
Let d(k) = -k**3 + 76*k**2 - 1192*k + 206. What is d(54)?
-10
Let u(r) = r**2 - 2815*r + 47460. Calculate u(17).
-106
Let b(r) = r**2 - 6658*r + 119555. Calculate b(18).
35
Let r(x) = x**2 + 1427*x + 102662. Calculate r(-76).
-14
Let x(p) = -p**3 - 1521*p**2 + 7623*p + 24. What is x(5)?
-11
Let y(r) = r**3 + 597*r**2 - 646*r - 28710. Determine y(-598).
-6
Let o(p) = -p**3 - 1643*p**2 - 7326*p - 3081. What is o(-4)?
-1
Let b(f) = 564*f - 23704. Give b(42).
-16
Let b(x) = 4*x**2 - 49*x - 280. Give b(27).
1313
Let b(g) = -11*g**2 + 832*g - 273. Give b(75).
252
Let f(s) = -7*s**2 - 571*s + 349. Give f(-82).
103
Let g(k) = 4*k**3 - 542*k**2 + 808*k - 865. Give g(134).
-329
Let h(c) = -2122597*c - 14858176. Calculate h(-7).
3
Let g(n) = 1384*n + 42860. Calculate g(-31).
-44
Let i(f) = -36*f - 1707. What is i(-60)?
453
Let y(b) = -26*b**3 - 8*b**2 - 17*b + 17. What is y(1)?
-34
Let m(g) = -5*g**2 - 112*g + 1272. Calculate m(-34).
-700
Let z(t) = 447*t - 27530. Give z(62).
184
Let q(h) = 161*h**2 + 4816*h - 72. Give q(-30).
348
Let i(f) = 4513*f + 5447189. Calculate i(-1207).
-2
Let y(q) = 2*q**3 + 112*q**2 + 420*q + 171. Determine y(-52).
-37
Let g(f) = 16*f**2 + 374*f + 76. What is g(-23)?
-62
Let o(z) = 255*z + 19273. Determine o(-77).
-362
Let s(c) = -1